{"id":439,"date":"2017-01-05T09:52:44","date_gmt":"2017-01-05T09:52:44","guid":{"rendered":"https:\/\/kivuresilience.org\/?page_id=439"},"modified":"2017-01-05T09:52:44","modified_gmt":"2017-01-05T09:52:44","slug":"divider","status":"publish","type":"page","link":"https:\/\/kivuresilience.org\/?page_id=439","title":{"rendered":"Divider"},"content":{"rendered":"<h1 style=\"text-align: center;\">You can almost configure any thing with the divider.<\/h1>\n<div class=\"divider\" style=\"margin-top:0px; margin-bottom:5px; border-top:1px solid #CCCCCC;width:20%\"\/><\/div>\n<div class=\"divider\" style=\"margin-top:0px; margin-bottom:5px; border-top:1px solid #CCCCCC;width:10%\"\/><\/div>\n<div class=\"divider\" style=\"margin-top:0px; margin-bottom:5px; border-top:1px solid #CCCCCC;width:5%\"\/><\/div>\n<p>Solid Divider<\/p>\n<div class=\"divider\" style=\"margin-top:20px; margin-bottom:20px; border-top:1px solid #CCCCCC;width:100%\"\/><\/div>\n<p>Dashed Divider<\/p>\n<div class=\"divider\" style=\"margin-top:20px; margin-bottom:20px; border-top:1px dashed #CCCCCC;width:100%\"\/><\/div>\n<p>Dotted Divider<\/p>\n<div class=\"divider\" style=\"margin-top:20px; margin-bottom:20px; border-top:1px dotted #CCCCCC;width:100%\"\/><\/div>\n<p>Double Line Divider<\/p>\n<div class=\"divider\" style=\"margin-top:20px; margin-bottom:20px; border-top:4px double #CCCCCC;width:100%\"\/><\/div>\n<p>Divider with color<\/p>\n<div class=\"divider\" style=\"margin-top:20px; margin-bottom:20px; border-top:1px solid #7DCA5F;width:100%\"\/><\/div>\n<p>Divider with 5px thickness<\/p>\n<div class=\"divider\" style=\"margin-top:20px; margin-bottom:20px; border-top:5px solid #CCCCCC;width:100%\"\/><\/div>\n<p>Divider with 50% width<\/p>\n<div class=\"divider\" style=\"margin-top:20px; margin-bottom:20px; border-top:1px solid #CCCCCC;width:50%\"\/><\/div>\n<p>Divider with 20% width<\/p>\n<div class=\"divider\" style=\"margin-top:20px; margin-bottom:20px; border-top:1px solid #CCCCCC;width:20%\"\/><\/div>\n<h1 style=\"text-align: center;\">You can almost configure any thing with the divider.<\/h1>\n<div class=\"divider\" style=\"margin-top:0px; margin-bottom:5px; border-top:1px solid #CCCCCC;width:20%\"\/><\/div>\n<div class=\"divider\" style=\"margin-top:0px; margin-bottom:5px; border-top:1px solid #CCCCCC;width:10%\"\/><\/div>\n<div class=\"divider\" style=\"margin-top:0px; margin-bottom:5px; border-top:1px solid #CCCCCC;width:5%\"\/><\/div>\n","protected":false},"excerpt":{"rendered":"<p>You can almost configure any thing with the divider. Solid Divider Dashed Divider Dotted Divider Double Line Divider Divider with &hellip; <\/p>\n","protected":false},"author":1,"featured_media":0,"parent":0,"menu_order":0,"comment_status":"closed","ping_status":"closed","template":"","meta":{"footnotes":""},"class_list":["post-439","page","type-page","status-publish","hentry","latest_post"],"yoast_head":"<!-- This site is optimized with the Yoast SEO plugin v26.3 - https:\/\/yoast.com\/wordpress\/plugins\/seo\/ -->\n<title>Divider - Kivu R\u00e9silience<\/title>\n<meta name=\"robots\" content=\"index, follow, max-snippet:-1, max-image-preview:large, max-video-preview:-1\" \/>\n<link rel=\"canonical\" href=\"https:\/\/kivuresilience.org\/?page_id=439\" \/>\n<meta property=\"og:locale\" content=\"fr_FR\" \/>\n<meta property=\"og:type\" content=\"article\" \/>\n<meta property=\"og:title\" content=\"Divider - Kivu R\u00e9silience\" \/>\n<meta property=\"og:description\" content=\"You can almost configure any thing with the divider. Solid Divider Dashed Divider Dotted Divider Double Line Divider Divider with &hellip;\" \/>\n<meta property=\"og:url\" content=\"https:\/\/kivuresilience.org\/?page_id=439\" \/>\n<meta property=\"og:site_name\" content=\"Kivu R\u00e9silience\" \/>\n<meta name=\"twitter:card\" content=\"summary_large_image\" \/>\n<meta name=\"twitter:label1\" content=\"Dur\u00e9e de lecture estim\u00e9e\" \/>\n\t<meta name=\"twitter:data1\" content=\"1 minute\" \/>\n<script type=\"application\/ld+json\" class=\"yoast-schema-graph\">{\"@context\":\"https:\/\/schema.org\",\"@graph\":[{\"@type\":\"WebPage\",\"@id\":\"https:\/\/kivuresilience.org\/?page_id=439\",\"url\":\"https:\/\/kivuresilience.org\/?page_id=439\",\"name\":\"Divider - Kivu R\u00e9silience\",\"isPartOf\":{\"@id\":\"https:\/\/kivuresilience.org\/#website\"},\"datePublished\":\"2017-01-05T09:52:44+00:00\",\"breadcrumb\":{\"@id\":\"https:\/\/kivuresilience.org\/?page_id=439#breadcrumb\"},\"inLanguage\":\"fr-FR\",\"potentialAction\":[{\"@type\":\"ReadAction\",\"target\":[\"https:\/\/kivuresilience.org\/?page_id=439\"]}]},{\"@type\":\"BreadcrumbList\",\"@id\":\"https:\/\/kivuresilience.org\/?page_id=439#breadcrumb\",\"itemListElement\":[{\"@type\":\"ListItem\",\"position\":1,\"name\":\"Home\",\"item\":\"https:\/\/kivuresilience.org\/\"},{\"@type\":\"ListItem\",\"position\":2,\"name\":\"Divider\"}]},{\"@type\":\"WebSite\",\"@id\":\"https:\/\/kivuresilience.org\/#website\",\"url\":\"https:\/\/kivuresilience.org\/\",\"name\":\"Kivu R\u00e9silience\",\"description\":\"Renforcer la r\u00e9silience des communaut\u00e9s du Kivu\",\"publisher\":{\"@id\":\"https:\/\/kivuresilience.org\/#organization\"},\"potentialAction\":[{\"@type\":\"SearchAction\",\"target\":{\"@type\":\"EntryPoint\",\"urlTemplate\":\"https:\/\/kivuresilience.org\/?s={search_term_string}\"},\"query-input\":{\"@type\":\"PropertyValueSpecification\",\"valueRequired\":true,\"valueName\":\"search_term_string\"}}],\"inLanguage\":\"fr-FR\"},{\"@type\":\"Organization\",\"@id\":\"https:\/\/kivuresilience.org\/#organization\",\"name\":\"Kivu R\u00e9silience\",\"url\":\"https:\/\/kivuresilience.org\/\",\"logo\":{\"@type\":\"ImageObject\",\"inLanguage\":\"fr-FR\",\"@id\":\"https:\/\/kivuresilience.org\/#\/schema\/logo\/image\/\",\"url\":\"https:\/\/kivuresilience.org\/wp-content\/uploads\/2025\/11\/cropped-3.-KIRE_TranspMiniature_Final-1-10.png\",\"contentUrl\":\"https:\/\/kivuresilience.org\/wp-content\/uploads\/2025\/11\/cropped-3.-KIRE_TranspMiniature_Final-1-10.png\",\"width\":243,\"height\":48,\"caption\":\"Kivu R\u00e9silience\"},\"image\":{\"@id\":\"https:\/\/kivuresilience.org\/#\/schema\/logo\/image\/\"}}]}<\/script>\n<!-- \/ Yoast SEO plugin. -->","yoast_head_json":{"title":"Divider - Kivu R\u00e9silience","robots":{"index":"index","follow":"follow","max-snippet":"max-snippet:-1","max-image-preview":"max-image-preview:large","max-video-preview":"max-video-preview:-1"},"canonical":"https:\/\/kivuresilience.org\/?page_id=439","og_locale":"fr_FR","og_type":"article","og_title":"Divider - Kivu R\u00e9silience","og_description":"You can almost configure any thing with the divider. Solid Divider Dashed Divider Dotted Divider Double Line Divider Divider with &hellip;","og_url":"https:\/\/kivuresilience.org\/?page_id=439","og_site_name":"Kivu R\u00e9silience","twitter_card":"summary_large_image","twitter_misc":{"Dur\u00e9e de lecture estim\u00e9e":"1 minute"},"schema":{"@context":"https:\/\/schema.org","@graph":[{"@type":"WebPage","@id":"https:\/\/kivuresilience.org\/?page_id=439","url":"https:\/\/kivuresilience.org\/?page_id=439","name":"Divider - Kivu R\u00e9silience","isPartOf":{"@id":"https:\/\/kivuresilience.org\/#website"},"datePublished":"2017-01-05T09:52:44+00:00","breadcrumb":{"@id":"https:\/\/kivuresilience.org\/?page_id=439#breadcrumb"},"inLanguage":"fr-FR","potentialAction":[{"@type":"ReadAction","target":["https:\/\/kivuresilience.org\/?page_id=439"]}]},{"@type":"BreadcrumbList","@id":"https:\/\/kivuresilience.org\/?page_id=439#breadcrumb","itemListElement":[{"@type":"ListItem","position":1,"name":"Home","item":"https:\/\/kivuresilience.org\/"},{"@type":"ListItem","position":2,"name":"Divider"}]},{"@type":"WebSite","@id":"https:\/\/kivuresilience.org\/#website","url":"https:\/\/kivuresilience.org\/","name":"Kivu R\u00e9silience","description":"Renforcer la r\u00e9silience des communaut\u00e9s du Kivu","publisher":{"@id":"https:\/\/kivuresilience.org\/#organization"},"potentialAction":[{"@type":"SearchAction","target":{"@type":"EntryPoint","urlTemplate":"https:\/\/kivuresilience.org\/?s={search_term_string}"},"query-input":{"@type":"PropertyValueSpecification","valueRequired":true,"valueName":"search_term_string"}}],"inLanguage":"fr-FR"},{"@type":"Organization","@id":"https:\/\/kivuresilience.org\/#organization","name":"Kivu R\u00e9silience","url":"https:\/\/kivuresilience.org\/","logo":{"@type":"ImageObject","inLanguage":"fr-FR","@id":"https:\/\/kivuresilience.org\/#\/schema\/logo\/image\/","url":"https:\/\/kivuresilience.org\/wp-content\/uploads\/2025\/11\/cropped-3.-KIRE_TranspMiniature_Final-1-10.png","contentUrl":"https:\/\/kivuresilience.org\/wp-content\/uploads\/2025\/11\/cropped-3.-KIRE_TranspMiniature_Final-1-10.png","width":243,"height":48,"caption":"Kivu R\u00e9silience"},"image":{"@id":"https:\/\/kivuresilience.org\/#\/schema\/logo\/image\/"}}]}},"brizy_media":[],"_links":{"self":[{"href":"https:\/\/kivuresilience.org\/index.php?rest_route=\/wp\/v2\/pages\/439","targetHints":{"allow":["GET"]}}],"collection":[{"href":"https:\/\/kivuresilience.org\/index.php?rest_route=\/wp\/v2\/pages"}],"about":[{"href":"https:\/\/kivuresilience.org\/index.php?rest_route=\/wp\/v2\/types\/page"}],"author":[{"embeddable":true,"href":"https:\/\/kivuresilience.org\/index.php?rest_route=\/wp\/v2\/users\/1"}],"replies":[{"embeddable":true,"href":"https:\/\/kivuresilience.org\/index.php?rest_route=%2Fwp%2Fv2%2Fcomments&post=439"}],"version-history":[{"count":0,"href":"https:\/\/kivuresilience.org\/index.php?rest_route=\/wp\/v2\/pages\/439\/revisions"}],"wp:attachment":[{"href":"https:\/\/kivuresilience.org\/index.php?rest_route=%2Fwp%2Fv2%2Fmedia&parent=439"}],"curies":[{"name":"wp","href":"https:\/\/api.w.org\/{rel}","templated":true}]}}